 1)?
0
What is 7 - (-8 - (-14 - -6))?
7
Evaluate 9 + (-19 - (7 - (4 + 4))).
-9
2 + 2 - ((-4 - -6) + 2)
0
What is (5 - -14) + -11 + -11?
-3
What is the value of 0 - ((-7 + 14 - 10) + -4)?
7
Calculate (-4 - -7) + 15 + -19.
-1
Calculate -5 + 5 + -6 - -3.
-3
What is -3 + 3 + (7 - 5)?
2
(-48 - -49) + (0 - -7)
8
Calculate 5 - (14 - (-4 - -6)).
-7
What is -1 + 1 + (27 - 33) - -3?
-3
(-6 + -3 - -4) + 12
7
What is -5 - (0 - ((1 - -1) + -2))?
-5
Calculate -8 - (5 + (7 - 10) - 2).
-8
-5 + -1 + (31 - 28) - -7
4
(-2 - (-8 + -2)) + -4
4
-5 + (0 - (3 + -3))
-5
-1 - 6 - (5 - 8)
-4
2 + -1 + (-7 - -4 - 0)
-2
(2 - (-18 - -10)) + -12
-2
Evaluate (-2 - (4 + -7)) + 7.
8
Evaluate 2 + -13 + (-70 - -75).
-6
What is the value of 4 - (1 + 2 + 1)?
0
What is the value of -1 + -1 + -1 + 1?
-2
What is 5 - (3 + (0 - -4))?
-2
What is the value of (17 - 3 - (7 - 2)) + -2?
7
Evaluate -2 - 3 - (-2 + -2).
-1
What is (-2 - -10) + (0 - 3) + -1?
4
Evaluate -5 + -3 + 8 + 3.
3
What is 8 + -13 + 0 + (0 - -4)?
-1
(-4 - (1 - (3 + 3))) + 4
5
(-1 - 0) + -2 + 1 - -5
3
What is -1 + 1 + 2 - (-1 - -2)?
1
Evaluate 0 + 1 + (-11 + 26 - 15).
1
What is the value of 5 + (3 + -5 - (0 - -2))?
1
Evaluate 3 + (-8 - (0 + -3)).
-2
Calculate 4 + -2 + 4 + 6 + -7.
5
(2 - -6) + (21 - 28)
1
What is (1 - 9) + (8 - 5) - 1?
-6
2 + -10 + (0 - -6)
-2
-7 - (-11 - -7) - (-2 + 2)
-3
What is the value of -2 - (4 + -3) - -7?
4
What is -1 - (-2 + (2 - 2) + -3)?
4
What is the value of -1 + 2 - (-8 - 0) - 7?
2
Evaluate -1 + 2 - -11 - (-30 - -34).
8
(-4 - 0) + (9 - (1 + 6))
-2
Calculate 2 + 2 + (-4 - -1) - 1.
0
Evaluate 9 + -9 + -6 + 7.
1
What is 0 + 2 + 2 + -5 - 4?
-5
Calculate -1 + 0 - (4 + -3).
-2
What is the value of 430 + -426 + (-1 - (-1 + -1))?
5
Evaluate 2 - (2 + 1) - (5 - 7).
1
Evaluate 5 + (-4 - (-4 + 5 + 0)).
0
What is the value of -1 + 0 - 5 - (-10 - -5)?
-1
What is 2 - -6 - (38 - 29)?
-1
Evaluate 1 + -1 + 3 + 2 + -10.
-5
What is the value of 8 + 0 + 5 + -9?
4
What is 4 + -1 + (-2 - -1) + 3?
5
Calculate -13 + 2 + (12 - 6).
-5
Evaluate 2 + -1 + -3 - -2.
0
Evaluate 5 + -3 + (-2 - 0 - -3).
3
Evaluate 5 - (19 + -3) - -20.
9
Evaluate (-1 - 0) + 6 - (15 - 12).
2
Evaluate 2 + (-7 - (3 - 7)) + -4.
-5
Calculate -8 + (-2 - (1 + -9)).
-2
10 + -8 - (2 - 5 - -4)
1
Calculate (2 - 9) + 7 + -3 + 11.
8
Calculate (14 - 17) + 4 + -1 + 2.
2
What is the value of 0 + -8 - (-5 + -4 + 6)?
-5
What is -1 - -16 - (-91 - -97)?
9
13 + -2 - (-9 + 15)
5
What is -4 + (-2 - -5) - -3?
2
What is the value of 11 + -5 - (-5 - -7)?
4
Calculate (-1 + -2 - -1) + 4.
2
What is 7 + 1 + -6 + 0?
2
(-2 - -2) + (-33 - -29)
-4
Calculate -1 + (-4 - 5 - -7).
-3
What is (13 - 4) + (3 - 17)?
-5
Calculate -5 + (3 - (4 + -18 - -6)).
6
Evaluate (-4 - 5) + 0 + 4.
-5
-9 + (1 - -11) - (-2 + 1)
4
What is (0 - 4) + (2 - -3)?
1
What is the value of -2 - -1 - (-3 + 2 - -5)?
-5
Calculate -3 - -4 - 2 - 6.
-7
(21 - 15) + (-4 - (0 + -3))
5
Evaluate 10 + (4 + -5 - 4) - 6.
-1
What is the value of (-3 - 3) + (-18 - -21) + -2?
-5
What is the value of 3 - -4 - (-8 - -9)?
6
Evaluate (11 + -5 - 22) + 5.
-11
Evaluate (11 - 6) + 2 - 3.
4
-4 + -2 - -12 - 12
-6
Calculate -15 + -15 + 17 + 4 + 2.
-7
What is the value of -4 - (-3 - (11 - 7))?
3
Calculate (-5 + 19 - 8) + -4.
2
Calculate 125 + -116 - (1 + 5).
3
What is the value of 3 + 0 - (-37 - -38) - -5?
7
4 + -3 + (2 - -3) - 8
-2
Evaluate -4 + 0 + -8 + 4 - -5.
-3
What is 14 + -10 + 5 - 12?
-3
0 - 2 - (-6 + 2)
2
Evaluate 5 + (-3 - 1 - (-3 + 2)).
2
What is the value of 1 + -12 - (-1 + 0)?
-10
(14 - 3) + -9 - -1
3
What is (-5 - -1) + (7 + -8 - 2)?
-7
Evaluate 6 + -14 + (2 - -10).
4
Calculate -10 + 4 - (-7 - -1).
0
(45 - 41) + (-1 - 1)
2
Calculate (3 - 1) + 2 + -63 + 53.
-6
3 + -4 + (-4 - 0)
-5
Calculate -3 + -7 + -1 + (6 - 2).
-7
What is the value of (10 - (2 - (2 - 5))) + -9?
-4
What is 6 + (-1 + (1 - 13) - 1)?
-8
What is the value of 0 + (2 - 1 - 4 - 2)?
-5
Evaluate -8 + -17 + 24 + -5 + 0.
-6
-1 + 2 + (-5 - (2 - 4))
-2
What is -5 - -1 - (-11 + -9 + 13)?
3
Evaluate (4 + 4 - 4 - 3) + -2.
-1
What is (4 - (-4 - -8)) + 2?
2
Evaluate 3 - 12 - (0 + -7).
-2
(-9 + -2 - -8) + 1 + -5
-7
What is the value of 4 - 1 - (0 - -1)?
2
Calculate (-1 - 7) + 113 + -105.
0
Evaluate -2 + 4 + 0 + -2 + -4.
-4
1 - (6 - 1) - -4
0
Evaluate -1 + (-13 - (-7 + -1 - -1)).
-7
Calculate 3 - (5 + -1) - -1 - 2.
-2
What is 1 + 4 + -2 - (24 - 25)?
4
2 + -1 + -2 + 0 + 5
4
2 + (1 - 5) + 7 + -3
2
What is 0 + -7 + 3 - 0?
-4
What is 0 + 0 - (-1 - (5 + -1))?
5
Evaluate -4 - (-1 - (2 - (1 - 1))).
-1
2 - (6 + 1 - 3 - 4)
2
What is the value of -7 - (3 + -24 + 12)?
2
What is the value of -1 + -1 + 6 - 10 - -1?
-5
Evaluate -9 + -4 + 0 - (-4 + -2).
-7
Evaluate -4 - ((-8 - -5) + -2).
1
Calculate 8 - 9 - (-3 - -1 - -2).
-1
What is 8 + (-6 - -9 - 3)?
8
5 + (1 - 8) + (3 - 2)
-1
Evaluate (-4 - -1) + (6 - 7 - 1).
-5
What is 23 + -16 - (-1 - -8) - 0?
0
What is the value of 3 - (0 + 3 + -6 - -2)?
4
What is 8 + (-4 - (-4 - (-3 - 1)))?
4
-6 - (0 + 4 - 6)
-4
Evaluate 6 - 2 - ((-8 - -8) + 0).
4
10 + (-12 - -4) + (-6 - 4)
-8
0 + 4 + (-3 - (2 - 5))
4
What is the value of 2 + -1 + -3 + (5 - 1)?
2
Calculate -8 - (-4 + -7 + 5).
-2
Calculate (-6 - -20 - 2) + 0 + -2.
10
Calculate -4 - (3 - (-2 - -6)) - -1.
-2
What is the value of (-9 - 1 - -12) + 0 + -2?
0
Evaluate 7 - (-1 - (2 + -6)).
4
What is -5 - -5 - 0 - -4 - 3?
1
-3 - (-18 - -11) - -1
5
(0 - 3) + 6 + -3 + 3
3
What is 6 + (10 - 14) - (1 - -3)?
-2
What is the value of -4 - -5 - 10 - -4?
-5
What is (-5 - (3 + -6)) + 10?
8
Calculate 1 + -6 + 3 - (-4 - -1).
1
Calculate -3 + 6 + -3 - -6 - -2.
8
Evaluate 4 + (-2 + 2 - 5) + 6.
5
-3 + 9 + -7 - -4
3
Calculate -7 + 8 + -11 + 10.
0
What is the value of (-4 - (-7 + 4)) + 4?
3
6 - (5 + (3 - 0))
-2
What is the value of (-4 - -7) + -6 - 2?
-5
What is (-39 - -46) + (-21 + 0 - -4)?
-10
What is the value of 3 - 1 - -3 - (-59 + 56)?
8
Calculate 6 + (0 + -2 - -3 - 5).
2
8 + -13 + (2 - -4) + -6
-5
(-11 - 0) + (8 - -3)
0
What is 4 + 6 + -10 + -8?
-8
Calculate -8 + 8 + 5 - 7.
-2
Evaluate 1 + 0 - (10 + -6).
-3
Evaluate 0 - 6 - -2 - -9.
5
What is the value of (11 + -19 - -11) + 7?
10
-7 - -6 - (-2 + -4) - 2
3
What is the value of -2 - ((-3 - 1) + 2 - 1)?
1
Calculate (-3 - 1) + 3 - (0 + 0).
-1
Calculate 3 - (1 + -5) - 2.
5
What is the value of 11 + (9 - (-8 + 29))?
-1
-5 + -1 + (-52 + 21 - -44)
7
-1 + -1 + -7 + 3
-6
Evaluate (0 - (-2 + 2 - -1)) + 4.
3
What is the value of (-4 - 1 - -3) + -1?
-3
Calculate (7 - -2) + (-38 - -31).
2
Calculate 2 - (-2 - (1 + -2) - -1).
2
What is 3 + -6 + (3 - -5)?
5
What is (18 - 6 - 5) + -7?
0
Evaluate 1 - (-3 + 5) - (0 + -3).
2
Evaluate -2 - -1 - (5 + -8 + 2).
0
What is the value of -3 + -1 - (4 - (4 - -1))?
-3
(8 - (4 + -4 + 1)) + -1
6
What is 4 + -7 - (-3 + 2 + 4)?
-6
Calculate 19 + -28 + -1 + 8.
-2
Calculate 3 + -1 + 2 + 0.
4
Evaluate (36 - 36) + (-1 - -4) - 4.
-1
Evaluate -2 - -2 - (2 + -5 + -2).
5
What is the value of (8 - 5) + (0 - 2)?
1
Calculate -1 + ((2 - 0) + 2 - 2).
1
Evaluate -5 - (-3 - -3 - 0).
-5
Evaluate -7 + (-7 - -9) + -2.
-7
Evaluate (-8 + 5 - -2) + 3 - -3.
5
2 + 2 + 1 + 7 + -13
-1
What is the value of 1 - -1 - (-3 + 12 + -4)?
-3
(1 + -2 - -6) + 6 + -8
3
-1 - (8 + -12 + 7 + -1)
-3
-141 - -138 - (0 + 2 + -6)
1
Evaluate 2 + (5 + -1 - 5).
1
Evaluate -3 - (-4 + 4 + 3 + -6).
0
Evaluate (-5 - -1) + -278 + 291.
9
What is -3 + -2 + 2 + 3 - 1?
-1
What is the value of (-7 - -4 - -3) + 4?
4
What is the value of 3 - (1 - (1 + 1) - 1)?
5
What is -3 + (4 - (4 - -1))?
-4
What is the value of 1 - (-1 - 0) - -3?
5
What is the value of -79 - -77 - (2 - 3 - -2)?
-3
2 + 0 - (-5 - (20 - 28))
-1
-1 + (0 - (7 - (0 + 2)))
-6
Calculate 1 + (3 - 8) + 9.
5
What is the value of -5 - -1 - (3 - 3)?
-4
Evaluate -5 - ((-8 - (4 - 4)) + 4).
-1
Evaluate 26 + -17 + (-3 - 0).
6
Evaluate 1 + 1 - (30 - 30) - -3.
5
What is (-4 - 0) + 14 + -11?
-1
-2 - (-4 + 2) - (4 + 0)
-4
Evaluate (-8 - (-2 - 2)) + 3 + 0.
-1
What is (10 - 11 - (2 - 0)) + 3?
0
What is the value of (2 - 5) + 10 + -3?
4
3 + -1 + -9 + (10 - 7)
-4
What is (4 - 5) + -6 + 10?
3
What is the value of -8 + (-2 - -7) + 3?
0
What is the value of -5 - ((-16 - -10) + 7)?
-6
Evaluate -5 + 2 - (-10 - -13).
-6
What is -5 + 1 - (3 + -19 - -22)?
-10
What is -8 + (1 - -4) + -6 + 10?
1
Calculate -1 - (1 - 3 - -6) - -6.
1
What is (4 - (0 - 4)) + -5 + -12?
-9
-2 + (2 -